{"id":270,"date":"2024-01-16T10:52:36","date_gmt":"2024-01-16T10:52:36","guid":{"rendered":"https:\/\/www.zabret.eu\/?page_id=270"},"modified":"2024-08-27T15:19:20","modified_gmt":"2024-08-27T15:19:20","slug":"impressum","status":"publish","type":"page","link":"https:\/\/www.zabret.eu\/?page_id=270","title":{"rendered":"IMPRESSUM"},"content":{"rendered":"\n<div style=\"height:347px\" aria-hidden=\"true\" class=\"wp-block-spacer\"><\/div>\n\n\n\n<h2 class=\"wp-block-heading has-text-align-center\">IMPRESSUM<\/h2>\n\n\n\n<p class=\"has-text-align-center\"><strong>ZABRET GmbH<\/strong><br>B\u00fcrgermeister-Gschwilm-Stra\u00dfe 5<br>85120 Hepberg<br><br><\/p>\n\n\n\n<p class=\"has-text-align-center\"><strong>Kontakt:<br><\/strong>E-Mail: info@zabret.si<br><br>Telefon: +49-171-124-01-26<br>Telefon: +49-151-644-29953<br>Telefax: +38 642 751111<\/p>\n\n\n\n<p class=\"has-text-align-center\">Steuernummer: (D) 124\/143\/20331<br>UST-ID: DE 320 697 066<\/p>\n\n\n\n<p class=\"has-text-align-center\"><strong>Registereintrag:<br><\/strong>Eintragung im Handelsregister.<br>Registergericht: Amtsgericht 85049 Ingolstadt<br>Registernummer: HRB 8889<br>Gesch\u00e4ftsf\u00fchrender Gesellschafter: Zabret, \u017dan<\/p>\n\n\n\n<p><\/p>\n","protected":false},"excerpt":{"rendered":"<p>IMPRESSUM ZABRET GmbHB\u00fcrgermeister-Gschwilm-Stra\u00dfe 585120 Hepberg Kontakt:E-Mail: info@zabret.si Telefon: +49-171-124-01-26Telefon: +49-151-644-29953Telefax: +38 642 751111 Steuernummer: (D) 124\/143\/20331UST-ID: DE 320 697 066 [&hellip;]<\/p>\n","protected":false},"author":1,"featured_media":0,"parent":0,"menu_order":0,"comment_status":"closed","ping_status":"closed","template":"","meta":{"site-sidebar-layout":"default","site-content-layout":"","ast-site-content-layout":"default","site-content-style":"default","site-sidebar-style":"default","ast-global-header-display":"","ast-banner-title-visibility":"","ast-main-header-display":"","ast-hfb-above-header-display":"","ast-hfb-below-header-display":"","ast-hfb-mobile-header-display":"","site-post-title":"disabled","ast-breadcrumbs-content":"","ast-featured-img":"","footer-sml-layout":"","ast-disable-related-posts":"","theme-transparent-header-meta":"","adv-header-id-meta":"","stick-header-meta":"","header-above-stick-meta":"","header-main-stick-meta":"","header-below-stick-meta":"","astra-migrate-meta-layouts":"default","ast-page-background-enabled":"default","ast-page-background-meta":{"desktop":{"background-color":"var(--ast-global-color-4)","background-image":"","background-repeat":"repeat","background-position":"center center","background-size":"auto","background-attachment":"scroll","background-type":"","background-media":"","overlay-type":"","overlay-color":"","overlay-opacity":"","overlay-gradient":""},"tablet":{"background-color":"","background-image":"","background-repeat":"repeat","background-position":"center center","background-size":"auto","background-attachment":"scroll","background-type":"","background-media":"","overlay-type":"","overlay-color":"","overlay-opacity":"","overlay-gradient":""},"mobile":{"background-color":"","background-image":"","background-repeat":"repeat","background-position":"center center","background-size":"auto","background-attachment":"scroll","background-type":"","background-media":"","overlay-type":"","overlay-color":"","overlay-opacity":"","overlay-gradient":""}},"ast-content-background-meta":{"desktop":{"background-color":"var(--ast-global-color-5)","background-image":"","background-repeat":"repeat","background-position":"center center","background-size":"auto","background-attachment":"scroll","background-type":"","background-media":"","overlay-type":"","overlay-color":"","overlay-opacity":"","overlay-gradient":""},"tablet":{"background-color":"var(--ast-global-color-5)","background-image":"","background-repeat":"repeat","background-position":"center center","background-size":"auto","background-attachment":"scroll","background-type":"","background-media":"","overlay-type":"","overlay-color":"","overlay-opacity":"","overlay-gradient":""},"mobile":{"background-color":"var(--ast-global-color-5)","background-image":"","background-repeat":"repeat","background-position":"center center","background-size":"auto","background-attachment":"scroll","background-type":"","background-media":"","overlay-type":"","overlay-color":"","overlay-opacity":"","overlay-gradient":""}},"footnotes":""},"class_list":["post-270","page","type-page","status-publish","hentry"],"yoast_head":"<!-- This site is optimized with the Yoast SEO plugin v27.4 - https:\/\/yoast.com\/product\/yoast-seo-wordpress\/ -->\n<title>IMPRESSUM - ZABRET<\/title>\n<meta name=\"robots\" content=\"index, follow, max-snippet:-1, max-image-preview:large, max-video-preview:-1\" \/>\n<link rel=\"canonical\" href=\"https:\/\/www.zabret.eu\/?page_id=270\" \/>\n<meta property=\"og:locale\" content=\"de_DE\" \/>\n<meta property=\"og:type\" content=\"article\" \/>\n<meta property=\"og:title\" content=\"IMPRESSUM - ZABRET\" \/>\n<meta property=\"og:description\" content=\"IMPRESSUM ZABRET GmbHB\u00fcrgermeister-Gschwilm-Stra\u00dfe 585120 Hepberg Kontakt:E-Mail: info@zabret.si Telefon: +49-171-124-01-26Telefon: +49-151-644-29953Telefax: +38 642 751111 Steuernummer: (D) 124\/143\/20331UST-ID: DE 320 697 066 [&hellip;]\" \/>\n<meta property=\"og:url\" content=\"https:\/\/www.zabret.eu\/?page_id=270\" \/>\n<meta property=\"og:site_name\" content=\"ZABRET\" \/>\n<meta property=\"article:modified_time\" content=\"2024-08-27T15:19:20+00:00\" \/>\n<meta name=\"twitter:card\" content=\"summary_large_image\" \/>\n<meta name=\"twitter:label1\" content=\"Gesch\u00e4tzte Lesezeit\" \/>\n\t<meta name=\"twitter:data1\" content=\"1\u00a0Minute\" \/>\n<script type=\"application\/ld+json\" class=\"yoast-schema-graph\">{\"@context\":\"https:\\\/\\\/schema.org\",\"@graph\":[{\"@type\":\"WebPage\",\"@id\":\"https:\\\/\\\/www.zabret.eu\\\/?page_id=270\",\"url\":\"https:\\\/\\\/www.zabret.eu\\\/?page_id=270\",\"name\":\"IMPRESSUM - ZABRET\",\"isPartOf\":{\"@id\":\"https:\\\/\\\/www.zabret.eu\\\/#website\"},\"datePublished\":\"2024-01-16T10:52:36+00:00\",\"dateModified\":\"2024-08-27T15:19:20+00:00\",\"breadcrumb\":{\"@id\":\"https:\\\/\\\/www.zabret.eu\\\/?page_id=270#breadcrumb\"},\"inLanguage\":\"de\",\"potentialAction\":[{\"@type\":\"ReadAction\",\"target\":[\"https:\\\/\\\/www.zabret.eu\\\/?page_id=270\"]}]},{\"@type\":\"BreadcrumbList\",\"@id\":\"https:\\\/\\\/www.zabret.eu\\\/?page_id=270#breadcrumb\",\"itemListElement\":[{\"@type\":\"ListItem\",\"position\":1,\"name\":\"Startseite\",\"item\":\"https:\\\/\\\/www.zabret.eu\\\/\"},{\"@type\":\"ListItem\",\"position\":2,\"name\":\"IMPRESSUM\"}]},{\"@type\":\"WebSite\",\"@id\":\"https:\\\/\\\/www.zabret.eu\\\/#website\",\"url\":\"https:\\\/\\\/www.zabret.eu\\\/\",\"name\":\"ZABRET\",\"description\":\"Electrical Installation Company\",\"publisher\":{\"@id\":\"https:\\\/\\\/www.zabret.eu\\\/#organization\"},\"potentialAction\":[{\"@type\":\"SearchAction\",\"target\":{\"@type\":\"EntryPoint\",\"urlTemplate\":\"https:\\\/\\\/www.zabret.eu\\\/?s={search_term_string}\"},\"query-input\":{\"@type\":\"PropertyValueSpecification\",\"valueRequired\":true,\"valueName\":\"search_term_string\"}}],\"inLanguage\":\"de\"},{\"@type\":\"Organization\",\"@id\":\"https:\\\/\\\/www.zabret.eu\\\/#organization\",\"name\":\"ZABRET\",\"url\":\"https:\\\/\\\/www.zabret.eu\\\/\",\"logo\":{\"@type\":\"ImageObject\",\"inLanguage\":\"de\",\"@id\":\"https:\\\/\\\/www.zabret.eu\\\/#\\\/schema\\\/logo\\\/image\\\/\",\"url\":\"https:\\\/\\\/www.zabret.eu\\\/wp-content\\\/uploads\\\/2024\\\/01\\\/cropped-zabret-logo-white2-1-1.png\",\"contentUrl\":\"https:\\\/\\\/www.zabret.eu\\\/wp-content\\\/uploads\\\/2024\\\/01\\\/cropped-zabret-logo-white2-1-1.png\",\"width\":1856,\"height\":492,\"caption\":\"ZABRET\"},\"image\":{\"@id\":\"https:\\\/\\\/www.zabret.eu\\\/#\\\/schema\\\/logo\\\/image\\\/\"}}]}<\/script>\n<!-- \/ Yoast SEO plugin. -->","yoast_head_json":{"title":"IMPRESSUM - ZABRET","robots":{"index":"index","follow":"follow","max-snippet":"max-snippet:-1","max-image-preview":"max-image-preview:large","max-video-preview":"max-video-preview:-1"},"canonical":"https:\/\/www.zabret.eu\/?page_id=270","og_locale":"de_DE","og_type":"article","og_title":"IMPRESSUM - ZABRET","og_description":"IMPRESSUM ZABRET GmbHB\u00fcrgermeister-Gschwilm-Stra\u00dfe 585120 Hepberg Kontakt:E-Mail: info@zabret.si Telefon: +49-171-124-01-26Telefon: +49-151-644-29953Telefax: +38 642 751111 Steuernummer: (D) 124\/143\/20331UST-ID: DE 320 697 066 [&hellip;]","og_url":"https:\/\/www.zabret.eu\/?page_id=270","og_site_name":"ZABRET","article_modified_time":"2024-08-27T15:19:20+00:00","twitter_card":"summary_large_image","twitter_misc":{"Gesch\u00e4tzte Lesezeit":"1\u00a0Minute"},"schema":{"@context":"https:\/\/schema.org","@graph":[{"@type":"WebPage","@id":"https:\/\/www.zabret.eu\/?page_id=270","url":"https:\/\/www.zabret.eu\/?page_id=270","name":"IMPRESSUM - ZABRET","isPartOf":{"@id":"https:\/\/www.zabret.eu\/#website"},"datePublished":"2024-01-16T10:52:36+00:00","dateModified":"2024-08-27T15:19:20+00:00","breadcrumb":{"@id":"https:\/\/www.zabret.eu\/?page_id=270#breadcrumb"},"inLanguage":"de","potentialAction":[{"@type":"ReadAction","target":["https:\/\/www.zabret.eu\/?page_id=270"]}]},{"@type":"BreadcrumbList","@id":"https:\/\/www.zabret.eu\/?page_id=270#breadcrumb","itemListElement":[{"@type":"ListItem","position":1,"name":"Startseite","item":"https:\/\/www.zabret.eu\/"},{"@type":"ListItem","position":2,"name":"IMPRESSUM"}]},{"@type":"WebSite","@id":"https:\/\/www.zabret.eu\/#website","url":"https:\/\/www.zabret.eu\/","name":"ZABRET","description":"Electrical Installation Company","publisher":{"@id":"https:\/\/www.zabret.eu\/#organization"},"potentialAction":[{"@type":"SearchAction","target":{"@type":"EntryPoint","urlTemplate":"https:\/\/www.zabret.eu\/?s={search_term_string}"},"query-input":{"@type":"PropertyValueSpecification","valueRequired":true,"valueName":"search_term_string"}}],"inLanguage":"de"},{"@type":"Organization","@id":"https:\/\/www.zabret.eu\/#organization","name":"ZABRET","url":"https:\/\/www.zabret.eu\/","logo":{"@type":"ImageObject","inLanguage":"de","@id":"https:\/\/www.zabret.eu\/#\/schema\/logo\/image\/","url":"https:\/\/www.zabret.eu\/wp-content\/uploads\/2024\/01\/cropped-zabret-logo-white2-1-1.png","contentUrl":"https:\/\/www.zabret.eu\/wp-content\/uploads\/2024\/01\/cropped-zabret-logo-white2-1-1.png","width":1856,"height":492,"caption":"ZABRET"},"image":{"@id":"https:\/\/www.zabret.eu\/#\/schema\/logo\/image\/"}}]}},"_links":{"self":[{"href":"https:\/\/www.zabret.eu\/index.php?rest_route=\/wp\/v2\/pages\/270","targetHints":{"allow":["GET"]}}],"collection":[{"href":"https:\/\/www.zabret.eu\/index.php?rest_route=\/wp\/v2\/pages"}],"about":[{"href":"https:\/\/www.zabret.eu\/index.php?rest_route=\/wp\/v2\/types\/page"}],"author":[{"embeddable":true,"href":"https:\/\/www.zabret.eu\/index.php?rest_route=\/wp\/v2\/users\/1"}],"replies":[{"embeddable":true,"href":"https:\/\/www.zabret.eu\/index.php?rest_route=%2Fwp%2Fv2%2Fcomments&post=270"}],"version-history":[{"count":4,"href":"https:\/\/www.zabret.eu\/index.php?rest_route=\/wp\/v2\/pages\/270\/revisions"}],"predecessor-version":[{"id":306,"href":"https:\/\/www.zabret.eu\/index.php?rest_route=\/wp\/v2\/pages\/270\/revisions\/306"}],"wp:attachment":[{"href":"https:\/\/www.zabret.eu\/index.php?rest_route=%2Fwp%2Fv2%2Fmedia&parent=270"}],"curies":[{"name":"wp","href":"https:\/\/api.w.org\/{rel}","templated":true}]}}